-44?
10
What is -6 + (9 - (0 - (-10 + 4))) + 14?
11
What is 2 - -4 - (-92 - -81)?
17
20 - ((14 - 9) + 9)
6
What is 46 + -31 + -1 + 4?
18
What is the value of (-13 - (4 + -22)) + (0 - 5) + -1?
-1
Calculate (74 - 77) + 10 - (0 - -24).
-17
Calculate -1 - (-2 - (-2 + (-5 - 2 - -7))).
-1
Calculate 22 + -26 + -13 - (-4 + -47).
34
What is 4 + (-5 - 0) + -1 + 2 + -4?
-4
Calculate -4 + -2 + (-176 - -162).
-20
What is the value of -3 + -9 + 103 + -84?
7
12 - (26 + 1 - (-5 - -2))
-18
What is the value of (-3 - (16 + -8 - (10 + 10))) + -7?
2
-16 + (4 - ((4 - -8) + -8))
-16
What is the value of (2 - (9 + -6 + 2)) + -11?
-14
3 + -2 + -14 - (-12 + -9)
8
16 + (17 - 32) + (-2 - -1 - -1)
1
Calculate -11 - -25 - 27 - -4.
-9
What is 0 - -2 - (15 - ((-1 - 6) + 8))?
-12
What is the value of -19 + 10 + 9 - (-22 + 2 + -3)?
23
What is the value of -5 + 1 - (-7 + -7 + 5 - -2)?
3
Evaluate ((18 - 5) + -24 - -13) + -8 + -1.
-7
(3 - 3 - -14 - 0) + -12 + 13
15
What is -13 - (6 + (-16 - -3))?
-6
What is 37 + 4 + (-58 - -35)?
18
What is 0 + 3 - (-33 + 38 + 19)?
-21
Calculate -14 + (-5 - (-10 + -8)) + (-14 - -1).
-14
(1 - 17) + (11 - (19 - 6)) + 6
-12
51 - 43 - (-3 + 5 + 13)
-7
What is -15 - -28 - (1 + (10 - 5))?
7
-69 - -54 - (3 + (14 - 7))
-25
What is the value of -4 + -5 + -1 + 13 + -1 + -2?
0
What is -5 + 29 + -118 + 86?
-8
What is 1 + -9 - (-4 + 17 - 10)?
-11
Calculate (5 + -3 - 20) + -1 + (-46 - -51).
-14
Evaluate (1 - 6) + -47 + 48 + 9.
5
Calculate (1 - -3 - 10) + -10.
-16
What is the value of (-4 - 2) + (55 - 46)?
3
What is -42 + 31 - 26 - -14?
-23
What is the value of 4 - ((23 - (-2 - 15)) + -15)?
-21
What is the value of (13 - (-10 + 16)) + 3 + 1 + 9?
20
0 + -18 + -6 + 4 + 3 - -1
-16
What is the value of -16 - (-4 - (7 - (13 + -5 + 0)))?
-13
Calculate -4 + 2 - (-5 - -12) - -14.
5
Calculate -3 + -7 + -10 + 13 + -1 + 4.
-4
2 - -1 - (184 + -183)
2
-46 + 20 + 18 - (-6 - -1) - -17
14
What is 1 + (9 - (12 + (7 - 10)))?
1
-7 + 14 + -1 - (4 + -13 + 3)
12
3 - -6 - (13 - (12 + 5))
13
Evaluate (16 - -11 - 22) + (-2 + -18 - -2).
-13
What is the value of -73 - -58 - (-1 + 1)?
-15
Evaluate 5 + (-11 - (-7 + 22)).
-21
Evaluate -1 - (0 - 2 - (-6 + 9) - 2).
6
-19 + 6 + 10 - (0 - -21) - 10
-34
Calculate (1 - 2) + 13 + -3 + 206 + -197.
18
Evaluate -1 + -1 - (62 + -49).
-15
21 - -1 - (30 - (-13 - -51))
30
What is -306 - -300 - (2 - (0 + 1)) - 27?
-34
What is the value of 4 + -6 + (4 - 9) - -36 - -8?
37
-10 - (-10 - (-47 + 50 + (0 - 13)))
-10
What is the value of 2 + 19 - (13 + -18 - -14)?
12
What is the value of (-7 - -3 - (7 - 14)) + (-13 - 0)?
-10
Calculate 3 + -1 - (-67 + 9 - -39).
21
Calculate 17 + -14 + -5 + 0 + (-11 - 2).
-15
Evaluate -5 - (-18 + -2 + 9 - 1).
7
Evaluate 8 + 11 + -30 - (4 + -14).
-1
What is the value of 2 + -10 + (8 - -1) + -10?
-9
Evaluate 0 + 27 + (-23 - -10).
14
What is 1 - (26 + 1 - (76 + -65))?
-15
1 + -1 - (990 - 968)
-22
Evaluate 1 + -1 + 16 + (2 + -5 - 3).
10
What is -1 + -1 + 2 - (12 + 2 + -7)?
-7
Evaluate -4 - (11 - (46 - 8)).
23
Evaluate (-1 + (17 - -9) - 8) + 1.
18
Evaluate 3 + -18 + 19 - 19.
-15
Calculate (-6 - -2) + (25 - 16 - (0 + -1)).
6
What is 9 + (13 - -5 - 18 - (-3 + 1))?
11
What is -1378 + 1384 + 1 + 1 + -1?
7
Evaluate 8 - (-28 + (7 - (0 - -2)) - -11).
20
-3 + -3 - -3 - 2 - (8 - -3)
-16
Calculate (-57 - (7 + -39)) + 52.
27
What is (-7 - 7) + 19 - (14 + (2 - 3))?
-8
What is the value of (5 - (-1 - (5 + -10))) + -23 + -1?
-23
(4 - (1 - -5)) + 4
2
Evaluate 14 + -55 + 7 + 24.
-10
What is the value of -31 + (1 + 23 - 4)?
-11
What is (8 - -1 - 8) + -4 - 4?
-7
What is -26 + (-22 - -44) + 18?
14
What is the value of -12 + 30 - (55 - 13)?
-24
What is the value of -1 + -26 + 42 - 37?
-22
What is -2 - ((-9 - -6) + 9 - 12)?
4
Calculate -1 - (9 + -4 + (-7 - -8)).
-7
What is the value of -14 + (8 + -25 - -31)?
0
Evaluate -12 - (2 - 1 - (22 + -31)).
-22
What is the value of 8 + (9 - 31) + 7?
-7
Evaluate 1 + 1 + 7 - (-431 + 440).
0
(26 - 7) + (-20 - -8)
7
What is the value of 6 + 1 + -12 + 1 + 3?
-1
What is 0 + 5 + -13 + 11 + -5 + 2?
0
What is (2 + -6 - (-5 - 2)) + (-7 - -9)?
5
Evaluate -2 - 0 - (17 + -8 - 25).
14
What is the value of (995 - 1012) + (13 - -2)?
-2
0 - -6 - (14 + (-13 - -4))
1
Evaluate 7 + -13 + (13 - 2 - (-5 - -2)).
8
Calculate 0 - (-14 - (-55 + 9 + 20)).
-12
What is 37 + -139 + 104 + (1 - 3) + 10?
10
-20 + (-3 + -10 - -51)
18
What is -29 + 1 + (309 - 283)?
-2
What is the value of -1 + -1 + -5 + (9 + -9 - -5)?
-2
What is the value of -32 + 18 + (-6 - -6)?
-14
What is -9 + (2 - 6 - -9)?
-4
What is (-22 - -2) + (-63 - -72) - -34?
23
What is (-10 - -14) + -4 - -3?
3
-27 + -21 + 51 - (4 + 2)
-3
What is (0 - (-3 + -21)) + -50?
-26
Evaluate -32 - ((-14 - -2) + -7).
-13
What is the value of (11 - 6) + -2 + (9 + -5 - 2)?
5
What is -10 - -5 - (-14 - 3 - -16)?
-4
(-69 - -72) + (-8 - -1)
-4
Calculate (3 - 3) + 18 + (-22 - 5).
-9
What is the value of 7 - -34 - 35 - (19 - 1)?
-12
What is 6 + -20 + 21 - 16?
-9
What is -45 + (4 - (-4 - 27))?
-10
What is the value of (-1 - 7) + -9 + -3 + 5 - -2?
-13
-23 + -2 + 26 + 31
32
Calculate -6 + -7 + 0 + 9.
-4
-7 - (5 + 4 - (17 - -3))
4
What is 7 + -2 + 8 + (15 - 13) + -7?
8
Evaluate -22 + -25 + 66 - 27.
-8
Evaluate -3 + 15 + -9 + -15.
-12
What is the value of -8 + (6 - (-12 + 11) - -1)?
0
8 + 6 + -14 - 0
0
What is (1186 - 1192) + 0 + (2 - 12)?
-16
Calculate -8 - (-4 + 17 - 15).
-6
-44 + (23 - 7) - -25
-3
Calculate 21 + -9 - (-19 - (1 + -5)).
27
Calculate -6 + (24 - (-2 + 5) - (12 - 8)).
11
What is -5 - ((-11 + 31 - -16) + -8)?
-33
Evaluate (-3 - (-6 - (4 + 0))) + 2 + 14.
23
Evaluate 26 - (0 - (-4 + -12 - -2)).
12
Evaluate -15 - (-17 - (-31 + 24)).
-5
(1 - 4) + (241 - 225)
13
Evaluate -59 + (36 - 29) + 22.
-30
What is 22 - ((7 - 16) + (2 - -6))?
23
Calculate 89 - 114 - (2 - 36).
9
What is (-33 - -10) + (-10 - -11)?
-22
(-3 - (2 + -7)) + (393 - 367)
28
What is -4 - -40 - (180 - 152)?
8
Evaluate 9 - (5 - (-6 - -3)).
1
What is the value of -1 - -20 - (695 - 703)?
27
(-4 - -17) + -3 - (-34 + 43) - 9
-8
What is 17 + -16 + 5 + -13?
-7
Evaluate 2 + -3 + 7 + (-11 - -7 - -9).
11
Calculate 4 + -45 - (9 + (-55 - -36)).
-31
Calculate ((-3 - -3) + -4 - (6 - 13)) + 11.
14
12 + -6 - (-4 - (-4 - -7))
13
Evaluate 1 + 12 + (-6 - (-6 + 2 + 2)).
9
What is -19 + -3 + -6 + -3 + 9?
-22
Evaluate 39 + (25 - -3) + -51.
16
What is the value of 9 - (-1 + (-6 - ((14 - 3) + -46)))?
-19
What is 42 + -37 - ((-2 - -3) + -2) - 8?
-2
Evaluate 2 + 5 + -11 - -6.
2
What is (9 - 3) + (-12 - (1 - 7))?
0
Calculate (-7 - (1 + (-1 - -3) + -17)) + 0.
7
Evaluate -8 - (5 + (8 + -11 - 2)).
-8
Evaluate -13 - (-4 + -1 + 4 - (-7 + 0)).
-19
What is the value of 9 + 0 + -2 - (18 - (-50 - -55))?
-6
What is (7 - (23 - 6)) + -10 - -5?
-15
Evaluate 19 + (0 + -9 - -1) + -16.
-5
What is -21 - (17 + -32 + 11)?
-17
What is (8 - 0) + (30 - 30) + -10 + 21?
19
What is the value of (-11 - (4 + 2)) + (-6 - (-3 - 14))?
-6
Evaluate -17 + 24 - (20 + -10).
-3
What is (-4 - 0) + (-12 - -21 - 0) + 0?
5
Evaluate 2 + -16 + 2 + 3.
-9
26 + (-10 - 11) - -2
7
What is (-21 - (-14 + 5 + 2)) + 8?
-6
Calculate -12 + (14 - 12) + 6 + -12.
-16
Evaluate -141 + 148 - (12 + -1 + -1).
-3
What is the value of -4 - (-2 - (13 + (8 - 13)))?
6
Calculate 22 + (-14 + 14 + 3 + 2 - 8).
19
-15 + (6 - (6 + 0)) + (8 - 2)
-9
What is (21 - 7) + (-20 - (-6 + 11))?
-11
Evaluate (-24 - (-10 + -10)) + 3.
-1
Evaluate 14 + (-8 - 5) + (-2 - (1 + -6)).
4
Calculate 20 - (0 + (-11 - -30)).
1
-18 + (1 - -4) + 1
-12
Evaluate -1 + (-9 - -17) - -1.
8
Calculate (-15 - -21 - (14 - -5)) + -1 + 0.
-14
30 - (-15 + 61) - (1 - 3)
-14
What is -24 + (2 - 10) + -4 + 13?
-23
23 + (16 - 15) - 47
-23
What is the value of -8 + 14 - (-5 + 15 - -5) - 13?
-22
Calculate -6 + (-3 - -7) - (-11 - 1) - -7.
17
22 + -4 + -15 + -13
-10
What is -11 - (-12 + 19 - 5 - -4)?
-17
-6 - (9 - 40 - (-12 - -9))
22
Calculate -8 + 9 - (-3 + 7) - (-53 - -81).
-31
What is the value of -10 + (-10 + 20 - -15 - 0)?
15
Calculate 3 - 12 - (13 - 25).
3
Evaluate 6 - (1 + 6 + -26 + -2 + 27).
0
-1 - (-6 + (3 - 4 - 2 - 1))
9
-3 + (-1 - -5) - (-40 - -31) - -9
19
(19 + -4 + -2 - 5) + -12
-4
Evaluate -9 - -3 - (-6 + -4 - (-1 - -2)).
5
What is (24 - 3) + 2 - (420 + -417)?
20
10 + (-10 - 15) + -1
-16
What is the value of -8 + 7 + (2 - (-10 + 9))?
2
Evaluate 6 + (36 + -45 - (-37 + 2))